 number?
True
Is 2308357 a composite number?
False
Is 1888007 a composite number?
True
Is 432241 composite?
False
Is 273073699 composite?
True
Is 68183 prime?
False
Is 7509751 a prime number?
False
Is 1786207 a prime number?
False
Is 3681787 a prime number?
True
Is 27011 composite?
False
Is 859181 composite?
False
Is 50198881 a prime number?
True
Is 118066549 prime?
True
Is 2542951 a prime number?
True
Is 597737859 a prime number?
False
Is 170376697 composite?
True
Is 94693349 prime?
False
Is 208126211 prime?
False
Is 954463 composite?
True
Is 144750955 a composite number?
True
Is 6459611 composite?
True
Is 43171889 composite?
False
Is 10441321 a composite number?
True
Is 3305611 prime?
True
Is 5788345 a composite number?
True
Is 668903 a composite number?
False
Is 45923471 prime?
False
Is 231723857 a prime number?
False
Is 844313 composite?
True
Is 5471551 composite?
False
Is 464237597 a prime number?
False
Is 13037991 prime?
False
Is 33616591 a prime number?
False
Is 2046751 composite?
True
Is 5904823 composite?
True
Is 18841279 composite?
False
Is 125053 a composite number?
False
Is 6698303 composite?
False
Is 45442102 a composite number?
True
Is 98672285 a composite number?
True
Is 76021079 composite?
False
Is 42500803 a prime number?
False
Is 19750343 prime?
True
Is 184133 a prime number?
True
Is 19227963 composite?
True
Is 1138078751 prime?
True
Is 21804073 a prime number?
True
Is 2749511 a composite number?
False
Is 5013007 a prime number?
False
Is 12868781 a prime number?
True
Is 169162703 composite?
False
Is 76028531 prime?
True
Is 2063459 composite?
False
Is 187702 a prime number?
False
Is 27085231 prime?
False
Is 2819797 a composite number?
False
Is 8536622 a composite number?
True
Is 110642713 a composite number?
True
Is 712207 prime?
False
Is 46726705 a prime number?
False
Is 440906813 composite?
False
Is 1308971 prime?
False
Is 20403431 a prime number?
True
Is 165444329 composite?
False
Is 24609763 a prime number?
True
Is 10706089 a composite number?
True
Is 785518 a prime number?
False
Is 10041131 a prime number?
True
Is 51521633 composite?
True
Is 5789191 prime?
True
Is 360793343 prime?
False
Is 404967 a composite number?
True
Is 62659565 a prime number?
False
Is 34009097 a prime number?
True
Is 84898943 composite?
False
Is 3791167 a prime number?
True
Is 29902409 composite?
True
Is 82035553 a composite number?
False
Is 359772539 a composite number?
True
Is 1782237889 a composite number?
True
Is 6083171 a prime number?
True
Is 1028471 a composite number?
False
Is 2740449 a composite number?
True
Is 183390173 prime?
True
Is 1877611 a composite number?
True
Is 379943 prime?
False
Is 592964719 a composite number?
False
Is 2260717 composite?
False
Is 16936313 a prime number?
True
Is 178468657 a composite number?
False
Is 2792389 a composite number?
False
Is 5236541 a prime number?
True
Is 54697159 a prime number?
False
Is 12698447 prime?
True
Is 35580229 composite?
True
Is 308787317 prime?
False
Is 174249755 composite?
True
Is 74300605 composite?
True
Is 540986327 a prime number?
False
Is 16457669 a prime number?
True
Is 73898393 a composite number?
True
Is 2462489 a prime number?
False
Is 11403217 prime?
False
Is 6472979 a prime number?
False
Is 11972027 composite?
True
Is 14328701 composite?
True
Is 33664277 a prime number?
True
Is 4859493 composite?
True
Is 852311 a composite number?
True
Is 8234689 a composite number?
True
Is 4929713 a prime number?
False
Is 35286701 a prime number?
True
Is 10810693 a prime number?
True
Is 265564361 a prime number?
False
Is 17187353 composite?
True
Is 9202861 prime?
True
Is 183070201 prime?
False
Is 1541586269 a prime number?
True
Is 2445713 prime?
True
Is 4062391 composite?
True
Is 12058757 composite?
False
Is 10838237 a composite number?
True
Is 622177 a prime number?
True
Is 41336686 prime?
False
Is 7840967 composite?
False
Is 74408143 prime?
False
Is 134868577 a prime number?
True
Is 37857007 prime?
True
Is 10451137 composite?
True
Is 96987959 prime?
False
Is 5265059 a composite number?
False
Is 4884401 composite?
False
Is 12932485 a prime number?
False
Is 3978327 composite?
True
Is 11782933 prime?
False
Is 11615663 composite?
False
Is 6090605 a composite number?
True
Is 60963263 a prime number?
True
Is 33475859 a prime number?
True
Is 59526641 prime?
True
Is 10644773 composite?
False
Is 15471851 prime?
False
Is 13099141 prime?
False
Is 5459867 a prime number?
False
Is 837809603 a composite number?
False
Is 1198699 a prime number?
True
Is 36440243 a prime number?
False
Is 314659 composite?
True
Is 543579433 composite?
False
Is 418022069 composite?
False
Is 96313647 a composite number?
True
Is 24336313 a composite number?
False
Is 52657201 composite?
True
Is 8490631 a composite number?
True
Is 83435561 composite?
True
Is 119645821 a composite number?
False
Is 5906909 prime?
False
Is 1662883 a composite number?
False
Is 592456433 a prime number?
False
Is 2755601 composite?
False
Is 78929797 prime?
False
Is 17620269 a composite number?
True
Is 1089941 a composite number?
False
Is 38254769 a composite number?
True
Is 126754 prime?
False
Is 100832959 prime?
False
Is 6332839 a prime number?
False
Is 292068311 prime?
True
Is 123949 a prime number?
False
Is 17321933 prime?
True
Is 8633 prime?
False
Is 26820007 composite?
False
Is 5682961 a composite number?
False
Is 81817 composite?
False
Is 44473541 a prime number?
False
Is 87458255 a prime number?
False
Is 82169 a composite number?
True
Is 1251409 prime?
True
Is 4405487 a prime number?
False
Is 324432883 a prime number?
True
Is 91619101 composite?
True
Is 16576219 a composite number?
True
Is 8895451 prime?
True
Is 12607877 a prime number?
True
Is 131241062 composite?
True
Is 11655239 a composite number?
False
Is 69867137 a prime number?
False
Is 85404959 a composite number?
False
Is 52258081 prime?
True
Is 156627623 prime?
False
Is 21160499 a prime number?
False
Is 255055037 prime?
True
Is 20189249 prime?
False
Is 822979 composite?
True
Is 225348401 prime?
True
Is 498137143 a prime number?
False
Is 70676717 prime?
False
Is 2191342 a prime number?
False
Is 667113103 a composite number?
False
Is 262731509 composite?
False
Is 18870011 composite?
False
Is 2940835 a prime number?
False
Is 459262 prime?
False
Is 134211137 composite?
True
Is 14631493 composite?
False
Is 26962329 prime?
False
Is 869406157 a composite number?
True
Is 157103 prime?
True
Is 14654203 prime?
True
Is 825547 composite?
False
Is 167197447 composite?
True
Is 135834221 a composite number?
False
Is 43913 a composite number?
False
Is 69231017 prime?
True
Is 133797139 prime?
False
Is 575614153 composite?
False
Is 351210669 composite?
True
Is 2963795 prime?
False
Is 803571 a prime number?
False
Is 60962651 a composite number?
False
Is 390151 prime?
True
Is 1250719 composite?
True
Is 41321155 a prime number?
False
Is 639047039 prime?
True
Is 45222973 a prime number?
True
Is 135197995 composite?
True
Is 2103351 a prime number?
False
Is 13957171 composite?
False
Is 1023851 a composite number?
False
Is 2777863 composite?
True
Is 3478879 a prime number?
False
Is 3895949 a composite number?
False
Is 531901 composite?
False
Is 1214393 prime?
True
Is 97801555 composite?
True
Is 139753723 prime?
False
Is 2967626 composite?
True
Is 255689789 composite?
False
Is 1046779 prime?
True
Is 4834723 a composite number?
False
Is 23784023 prime?
True
Is 343219 a composite number?
False
Is 145577669 composite?
True
Is 113563291 composite?
True
Is 590883 composite?
True
Is 10557707 prime?
True
Is 9399053 a prime number?
False
Is 4280561 a prime number?
True
Is 1353167 prime?
False
Is 1246897 a composite number?
True
Is 232303 a composite number?
False
Is 29844391 a prime number?
False
Is 509137621 a composite number?
True
Is 4843022 prime?
False
Is 89228101 a composite number?
False
Is 5353823 prime?
False
Is 21090257 a prime number?
False
Is 220975198 composite?
True
Is 3907549 a prime number?
False
Is 191129 a prime number?
False
Is 4934515 a composite number?
True
Is 13389953 composite?
False
Is 142253 prime?
False
Is 497345 prime?
False
Is 3429497 a composite number?
True
Is 9775109 prime?
False
Is 135985007 prime?
False
Is 2968507 prime?
False
Is 5173859 a composite number?
False
Is 14937865 a co